 f?
1
Let a(c) = 2*c - 6. Let m be a(10). Suppose 8*z - 4*i - 490 = 3*z, 2*i - 196 = -2*z. Calculate the highest common divisor of z and m.
14
Let w(u) = -61*u**2 - 4*u - 3. Let k be w(-1). Let h = 20 - k. Calculate the highest common factor of 120 and h.
40
Suppose 4*t - 185 - 31 = 0. Let u(w) = w**2 - 67. Let g be u(0). Let c = t - g. Calculate the highest common divisor of 11 and c.
11
Let j = -45 + 28. Let z = j - -53. Let i = -26 + z. What is the highest common factor of 40 and i?
10
Let y = -10 - -10. Suppose 59 = -5*z - o + 19, y = 5*z - 5*o + 10. Let v be z/(-28) + 399/4. What is the highest common divisor of 40 and v?
20
Let w(p) = 2*p**3 - 7*p**2 - 4*p + 3. Let a be w(4). Let n = -8 - -11. Calculate the highest common factor of n and a.
3
Let d = 348 + -492. Let h be ((-1)/(-2))/((-2)/d). Suppose 0 = -4*z + 54 - 6. What is the greatest common factor of z and h?
12
Suppose -11*v - 3*j + 300 = -9*v, 12 = -3*j. Calculate the greatest common divisor of v and 228.
12
Let t be ((-3)/2)/((-3)/4). Suppose t*p = -p + 240. Calculate the greatest common divisor of p and 16.
16
Let s be (15/20)/((-3)/(-28)). Suppose -s*h + h + 42 = 0. Let v be 6/(-27) - (-130)/18. What is the greatest common factor of h and v?
7
Let r(v) = -35*v - 37. Let l be r(-2). What is the highest common divisor of l and 1221?
33
Suppose 1298 + 832 = 3*a. Suppose -3*x - 210 = -n + 44, 3*n = -4*x + a. What is the highest common divisor of 22 and n?
22
Suppose -2*t = -4*c - 136, -c + 78 = t + 2*c. What is the greatest common divisor of 16 and t?
8
Let f be ((-112)/(-3))/((20/(-15))/(-4)). Calculate the highest common divisor of 28 and f.
28
Suppose 0 = o + f - 2*f + 25, 0 = -o + 2*f - 27. Let l be 1 + (3 - 5 - o). Calculate the highest common factor of 198 and l.
22
Let t(w) = 22*w**2 - 2*w + 1. Let y be t(1). Let i be 1 + (2 - -3) + 4. Suppose b + 3 = i. What is the highest common factor of b and y?
7
Let p(n) = n**3 - 7*n**2 + 4. Let v be p(7). Suppose v*x - 3*x + 5*f + 14 = 0, -x - 3*f - 4 = 0. Calculate the greatest common divisor of 33 and x.
11
Suppose 0 = -2*d - d - 4*w + 496, -2*w = -2*d + 354. What is the greatest common factor of 8 and d?
4
Let k(t) = -t**2 - 16*t - 25. Suppose 5*a = -4*h - 27 - 50, -25 = 5*a. Let d be k(h). What is the greatest common divisor of d and 21?
7
Suppose -163 + 933 = 7*a. Let f = a + -62. What is the greatest common divisor of f and 12?
12
Suppose -26*s + 72 = -32. Let u = 117 + -73. What is the greatest common divisor of u and s?
4
Let d = 273 - 175. Suppose 0 = -4*p - 4*w + 52, -5*p - 2*w + 115 = 47. Calculate the greatest common factor of p and d.
14
Let c(o) = 8*o**2 + 3*o - 5. Let x be 12/54 - 16/(-9). Let q be c(x). Let m(f) = 4*f - 6. Let u be m(7). Calculate the greatest common factor of q and u.
11
Suppose 14*u - 15*u - l = -26, 2*u = -5*l + 58. Calculate the highest common divisor of 234 and u.
6
Suppose 45 = 2*c - 49. Suppose 2*i - 4*l + 7 - c = 0, 0 = 2*i - 2*l - 42. Let a = -13 + i. Calculate the highest common divisor of a and 99.
9
Let q(h) = 2*h**2 - 13*h + 17. Let l be q(9). Suppose 6*r - 2*r = 3*y - l, 28 = y - 5*r. Calculate the highest common divisor of y and 144.
18
Suppose -15 = -5*n, -2*n + 39 = -4*k + 257. Calculate the highest common factor of 32 and k.
8
Suppose 4*w = -5*k - 7 - 6, -2*w - 2 = 4*k. Let m(t) = t**2 + 3*t + 8. Let l be m(w). What is the greatest common factor of l and 12?
12
Let y(h) = -h**2 - 12*h + 101. Let v be y(-16). What is the greatest common divisor of v and 259?
37
Let v(a) = a**3 - 7*a**2 - a - 8. Let i be (-3)/(9/(-24) - 0). Let l be v(i). Suppose 7*x - 29 - l = 0. Calculate the highest common divisor of 121 and x.
11
Let r = 3 + 32. Let c be 105*(4 - (-1 + 4))*1. Calculate the highest common divisor of r and c.
35
Let o be -1 + -2 + 625 + -2. Suppose -d - 161 = -f + 2*d, -o = -4*f + 4*d. Calculate the greatest common divisor of f and 19.
19
Let o = 28 + -2. Suppose 92 = 2*q - 4*b, 5*q - 3*b + o - 221 = 0. Calculate the greatest common factor of 4 and q.
4
Suppose 3*s + 4*u = 1040, 4*u + 0 = 8. What is the highest common divisor of 473 and s?
43
Let w = -64 + 103. Let b be (12/(-10))/((-18)/45) + 387. Calculate the highest common factor of w and b.
39
Let h = -1392 - -3120. What is the highest common factor of 108 and h?
108
Suppose 0 = 5*w + 21*m - 17*m - 13, 4*m + 37 = 5*w. What is the highest common divisor of w and 545?
5
Suppose 2*d + 3*d + 2*h + 3 = 0, -3*d = 4*h + 13. Let s be 23 - (-1 - (d - 5)). Calculate the greatest common divisor of 140 and s.
20
Suppose w + 5*m + 10 = 0, -2*m - 4 = -m. Let p be -4 + (-18)/(-4) + (-54)/(-12). What is the greatest common factor of w and p?
5
Let b be (-6)/36*2 - 278/(-6). Let f = 56 - b. What is the greatest common divisor of 10 and f?
10
Let c = 19 - 34. Let r = c + 27. Suppose 6*j = 4*j + r. What is the highest common divisor of 6 and j?
6
Suppose -5*w = 3*z - 4*z - 59, 0 = -w + 2*z + 10. Let q be w/(-10)*(-2000)/12. Calculate the highest common divisor of 20 and q.
20
Suppose 0 = -5*n + j - 73, -48 = 5*n - 2*n - 2*j. Let y be (-2780)/n + 20/(-35). What is the highest common divisor of y and 22?
22
Let j(w) = 11*w**2 + 34*w + 6. Let f be j(4). What is the greatest common divisor of 212 and f?
106
Suppose 3*q - 736 = 260. Suppose -4*i + q = 44. Let x = -6168 + 6186. Calculate the greatest common factor of i and x.
18
Let m = -367 - -399. What is the highest common factor of m and 80?
16
Let p = -1802 - -2050. What is the highest common divisor of p and 64?
8
Suppose 7*v - 3*k - 651 = 3*v, -162 = -v + k. Suppose w + v = 6*w. What is the highest common divisor of 3 and w?
3
Suppose -16 = n - 27. Suppose -k = -2*k + 33. What is the highest common factor of k and n?
11
Let c be (-16 + 1176/70)*30/4. Calculate the highest common factor of 2022 and c.
6
Let v = -1507 - -1584. Let u be (-1 + 18/(-4))*-2. Calculate the greatest common divisor of v and u.
11
Let d = 275 + -233. Calculate the highest common factor of 24 and d.
6
Let v be (-308)/2*(-58)/116. Calculate the highest common divisor of 11 and v.
11
Let j be 5846/50 - (-42)/525. What is the greatest common divisor of j and 78?
39
Let z be (13*6/(-18))/((-4)/12). Calculate the greatest common factor of z and 260.
13
Let d be 6/27 - 906/(-54). What is the greatest common factor of d and 646?
17
Let o(l) = -l**3 - 9*l**2 - 2*l - 4. Let p be o(-9). Let y = 35 - 0. Calculate the greatest common factor of p and y.
7
Let n(o) = 5*o**2 + 3*o + 4. Let m be n(-2). Suppose 0 = -19*v + m*v + 49. What is the greatest common divisor of v and 392?
49
Let a be (-6)/((-85)/15 - -5). What is the greatest common divisor of 729 and a?
9
Let t = 210 - -85. What is the highest common factor of t and 59?
59
Let b be (0 + 18)*(-220)/40. Let g be b/(-9)*2*1. Let a be (-2)/8 - 18/(-8). What is the greatest common factor of g and a?
2
Let a be ((-26)/14 - -1)/(15/105). Let l be (a/1)/((-3)/10). Calculate the highest common divisor of l and 20.
20
Let y be -2 + (-2)/(-2) + 176. Let x(c) = -c**2 - 33*c + 38. Let p be x(-32). Calculate the highest common factor of p and y.
35
Let u(o) = -o. Let q be u(-10). Suppose 0 = -11*h + q*h - 14. Let a = h + 23. Calculate the highest common factor of 6 and a.
3
Let p be 8/14 + 30/70. Let k = 19 + p. Suppose -g + 33 = 4*h - 4, 25 = 5*h - 3*g. What is the highest common divisor of k and h?
4
Suppose -2870 = -11*k - 30*k. Calculate the highest common divisor of k and 315.
35
Let w = 3 - -2. Let t be (31/w + 1)/((-1)/(-10)). Calculate the highest common factor of t and 9.
9
Let s(c) = 15*c - 12. Let z be s(2). What is the highest common factor of 117 and z?
9
Suppose -4*d + 7 = -13. Suppose p + d*p - 570 = 0. What is the greatest common divisor of p and 19?
19
Let n be (15/9)/(2/42). Let p be (n*2)/(8/20). Calculate the highest common factor of p and 35.
35
Suppose -2*i - 126 = -5*i. Let z = -323 + 428. What is the highest common factor of i and z?
21
Let w be 6/(-8) - 11/(-4). Suppose w*m = -3*o + 60, 14*o + 46 = 2*m + 10*o. Calculate the greatest common factor of m and 63.
9
Suppose 0 = 15*i - 10*i - 80. Suppose -i = -4*q - 0. Calculate the greatest common divisor of 12 and q.
4
Suppose -294 = 14*k - 1274. Calculate the highest common divisor of k and 28.
14
Let m(h) = 3*h**3 -